{"id":8281,"date":"2023-08-30T11:09:10","date_gmt":"2023-08-30T02:09:10","guid":{"rendered":"https:\/\/www.kameyama-mie.jp\/kblog\/sekichu\/%e5%ad%a6%e6%a0%a1%e6%84%9f%e6%9f%93%e7%97%87%e5%b1%8a%e5%87%ba%e6%9b%b8\/"},"modified":"2024-05-09T19:09:23","modified_gmt":"2024-05-09T10:09:23","slug":"%e5%ad%a6%e6%a0%a1%e6%84%9f%e6%9f%93%e7%97%87%e5%b1%8a%e5%87%ba%e6%9b%b8","status":"publish","type":"page","link":"https:\/\/www.kameyama-mie.jp\/kblog\/sekichu\/%e5%9c%a8%e6%a0%a1%e7%94%9f%e3%83%bb%e4%bf%9d%e8%ad%b7%e8%80%85%e3%81%ae%e3%81%bf%e3%81%aa%e3%81%95%e3%82%93%e3%81%b8\/%e5%ad%a6%e6%a0%a1%e6%84%9f%e6%9f%93%e7%97%87%e5%b1%8a%e5%87%ba%e6%9b%b8\/","title":{"rendered":"\u69d8\u5f0f\u30c0\u30a6\u30f3\u30ed\u30fc\u30c9"},"content":{"rendered":"\n<p><a href=\"https:\/\/www.kameyama-mie.jp\/kblog\/wp-content\/uploads\/2023\/08\/311ed0a8a078c190f25dad9631449d0b.pdf\">\u3010\u65e5\u672c\u8a9e\u3011\u611f\u67d3\u75c7\u5c4a\u51fa\u66f8<\/a><\/p>\n<p><a href=\"https:\/\/www.kameyama-mie.jp\/kblog\/wp-content\/uploads\/2023\/08\/d6eca37ae77f475305ef6e337f11b3d7.pdf\">\u3010\u65e5\u672c\u8a9e\u30eb\u30d3\u5165\u308a\u3011\u611f\u67d3\u75c7\u5c4a\u51fa\u66f8<\/a><\/p>\n<p><a href=\"https:\/\/www.kameyama-mie.jp\/kblog\/wp-content\/uploads\/2023\/08\/915f800820057ae9682565e521014da8.pdf\">\u3010\u82f1\u8a9e\u3011Requesting of submission school infectious disease notification<\/a><\/p>\n<p><a href=\"https:\/\/www.kameyama-mie.jp\/kblog\/wp-content\/uploads\/2023\/08\/a55d5a443010d3f7a17bedca7bf3f9ca.pdf\">\u3010\u30bf\u30ac\u30ed\u30b0\u8a9e\u3011PAKIUSAP SA PAGPAPASA NG SCHOOL INFECTIOUS DISEASE NOTIFICATION FORM<\/a><\/p>\n<p><a href=\"https:\/\/www.kameyama-mie.jp\/kblog\/wp-content\/uploads\/2023\/08\/e400b139976d7f326c68ea059bc2a27d.pdf\">\u3010\u30dd\u30eb\u30c8\u30ac\u30eb\u8a9e\u3011Sobre o Formul\u00e1rio Escolar de Notifica\u00e7\u00e3o de Doen\u00e7a Transmiss\u00edvel<\/a><\/p>\n<p><a href=\"https:\/\/www.kameyama-mie.jp\/kblog\/wp-content\/uploads\/2023\/08\/554ac0cb72fbca4556ea2274c09a2efd.pdf\">\u3010\u30b9\u30da\u30a4\u30f3\u8a9e\u3011Sobre la presentaci\u00f3n del \u00a8 Formulario de notificaci\u00f3n de enfermedad contagiosa<\/a><\/p>\n<p>\uff08\u30a4\u30f3\u30d5\u30eb\u30a8\u30f3\u30b6\u7b49\u3067\u51fa\u5e2d\u505c\u6b62\u5f8c\u3001\u767b\u6821\u306e\u969b\u306b\u5b66\u6821\u3078\u5fc5\u305a\u63d0\u51fa\u3057\u3066\u9802\u304f\u66f8\u985e\u3067\u3059\u3002\uff09<\/p>\n\n\n","protected":false},"excerpt":{"rendered":"<p>\u3010\u65e5\u672c\u8a9e\u3011\u611f\u67d3\u75c7\u5c4a\u51fa\u66f8 \u3010\u65e5\u672c\u8a9e\u30eb\u30d3\u5165\u308a\u3011\u611f\u67d3\u75c7\u5c4a\u51fa\u66f8 \u3010\u82f1\u8a9e\u3011Requesting of submission school infectious disease notification \u3010\u30bf\u30ac\u30ed\u30b0\u8a9e\u3011PAKIUSA &hellip; <a href=\"https:\/\/www.kameyama-mie.jp\/kblog\/sekichu\/%e5%9c%a8%e6%a0%a1%e7%94%9f%e3%83%bb%e4%bf%9d%e8%ad%b7%e8%80%85%e3%81%ae%e3%81%bf%e3%81%aa%e3%81%95%e3%82%93%e3%81%b8\/%e5%ad%a6%e6%a0%a1%e6%84%9f%e6%9f%93%e7%97%87%e5%b1%8a%e5%87%ba%e6%9b%b8\/\">\u7d9a\u304d\u3092\u8aad\u3080 <span class=\"meta-nav\">&rarr;<\/span><\/a><\/p>\n","protected":false},"author":1,"featured_media":0,"parent":5463,"menu_order":10,"comment_status":"closed","ping_status":"closed","template":"","meta":[],"publishpress_future_action":{"enabled":false,"date":"2026-04-17 06:58:29","action":"draft","terms":[],"taxonomy":""},"_links":{"self":[{"href":"https:\/\/www.kameyama-mie.jp\/kblog\/sekichu\/wp-json\/wp\/v2\/pages\/8281"}],"collection":[{"href":"https:\/\/www.kameyama-mie.jp\/kblog\/sekichu\/wp-json\/wp\/v2\/pages"}],"about":[{"href":"https:\/\/www.kameyama-mie.jp\/kblog\/sekichu\/wp-json\/wp\/v2\/types\/page"}],"author":[{"embeddable":true,"href":"https:\/\/www.kameyama-mie.jp\/kblog\/sekichu\/wp-json\/wp\/v2\/users\/1"}],"replies":[{"embeddable":true,"href":"https:\/\/www.kameyama-mie.jp\/kblog\/sekichu\/wp-json\/wp\/v2\/comments?post=8281"}],"version-history":[{"count":2,"href":"https:\/\/www.kameyama-mie.jp\/kblog\/sekichu\/wp-json\/wp\/v2\/pages\/8281\/revisions"}],"predecessor-version":[{"id":8283,"href":"https:\/\/www.kameyama-mie.jp\/kblog\/sekichu\/wp-json\/wp\/v2\/pages\/8281\/revisions\/8283"}],"up":[{"embeddable":true,"href":"https:\/\/www.kameyama-mie.jp\/kblog\/sekichu\/wp-json\/wp\/v2\/pages\/5463"}],"wp:attachment":[{"href":"https:\/\/www.kameyama-mie.jp\/kblog\/sekichu\/wp-json\/wp\/v2\/media?parent=8281"}],"curies":[{"name":"wp","href":"https:\/\/api.w.org\/{rel}","templated":true}]}}