{"id":26780,"date":"2023-08-30T11:09:10","date_gmt":"2023-08-30T02:09:10","guid":{"rendered":"https:\/\/www.kameyama-mie.jp\/kblog\/idagawa\/%e5%ad%a6%e6%a0%a1%e6%84%9f%e6%9f%93%e7%97%87%e5%b1%8a%e5%87%ba%e6%9b%b8\/"},"modified":"2023-08-31T15:46:05","modified_gmt":"2023-08-31T06:46:05","slug":"%e5%ad%a6%e6%a0%a1%e6%84%9f%e6%9f%93%e7%97%87%e5%b1%8a%e5%87%ba%e6%9b%b8","status":"publish","type":"page","link":"https:\/\/www.kameyama-mie.jp\/kblog\/idagawa\/%e5%ad%a6%e6%a0%a1%e6%84%9f%e6%9f%93%e7%97%87%e5%b1%8a%e5%87%ba%e6%9b%b8\/","title":{"rendered":"\u69d8\u5f0f\u30c0\u30a6\u30f3\u30ed\u30fc\u30c9"},"content":{"rendered":"\n<p>\u5b66\u6821\u611f\u67d3\u75c7\u306b\u304b\u304b\u3063\u305f\u5834\u5408\u3001\u5b66\u6821\u3067\u30b1\u30ac\u3092\u3057\u3066\u75c5\u9662\u306b\u304b\u304b\u3063\u305f\u5834\u5408\u306b\u5fc5\u8981\u306a\u66f8\u985e\u3092\u4ee5\u4e0b\u304b\u3089\u30c0\u30a6\u30f3\u30ed\u30fc\u30c9\u3057\u3066\u3044\u305f\u3060\u3051\u307e\u3059\u3002<\/p>\n<p>\u203b\u3054\u5bb6\u5ead\u3067\u5370\u5237\u3055\u308c\u75c5\u9662\u306b\u884c\u304b\u308c\u308b\u5834\u5408\u3082\u3001\u5fc5\u305a\u5b66\u6821\u306b\u9023\u7d61\u3092\u3057\u3066\u3044\u305f\u3060\u304f\u3088\u3046\u304a\u9858\u3044\u3057\u307e\u3059\u3002<\/p>\n<p>\u25ce\u51fa\u5e2d\u505c\u6b62\u8a3c\u660e\u66f8\u306b\u3064\u3044\u3066<\/p>\n<p>\u5b66\u6821\u306b\u304a\u3044\u3066\u4e88\u9632\u3059\u3079\u304d\u611f\u67d3\u75c7\u306b\u304b\u304b\u3063\u305f\u5834\u5408\u306f\u3001\u75c5\u9662\u53d7\u8a3a\u306e\u4e0a\u4fdd\u8b77\u8005\u69d8\u306b\u3066\u4e0b\u8a18\u300c\u5b66\u6821\u611f\u67d3\u75c7\u5c4a\u51fa\u66f8\u300d\u306b\u5fc5\u8981\u4e8b\u9805\u3092\u3054\u8a18\u5165\u3044\u305f\u3060\u304d\u7f72\u540d\u637a\u5370\u306e\u4e0a\u3001\u767b\u6821\u3055\u308c\u308b\u969b\u306b\u63d0\u51fa\u3057\u3066\u304f\u3060\u3055\u3044\u3002&nbsp;<\/p>\n<p><a href=\"https:\/\/www.kameyama-mie.jp\/kblog\/wp-content\/uploads\/2023\/08\/311ed0a8a078c190f25dad9631449d0b.pdf\">\u3010\u65e5\u672c\u8a9e\u3011\u611f\u67d3\u75c7\u5c4a\u51fa\u66f8<\/a><\/p>\n<p><a href=\"https:\/\/www.kameyama-mie.jp\/kblog\/wp-content\/uploads\/2023\/08\/d6eca37ae77f475305ef6e337f11b3d7.pdf\">\u3010\u65e5\u672c\u8a9e\u30eb\u30d3\u5165\u308a\u3011\u611f\u67d3\u75c7\u5c4a\u51fa\u66f8<\/a><\/p>\n<p><a href=\"https:\/\/www.kameyama-mie.jp\/kblog\/wp-content\/uploads\/2023\/08\/915f800820057ae9682565e521014da8.pdf\">\u3010\u82f1\u8a9e\u3011Requesting of submission school infectious disease notification<\/a><\/p>\n<p><a href=\"https:\/\/www.kameyama-mie.jp\/kblog\/wp-content\/uploads\/2023\/08\/a55d5a443010d3f7a17bedca7bf3f9ca.pdf\">\u3010\u30bf\u30ac\u30ed\u30b0\u8a9e\u3011PAKIUSAP SA PAGPAPASA NG SCHOOL INFECTIOUS DISEASE NOTIFICATION FORM<\/a><\/p>\n<p><a href=\"https:\/\/www.kameyama-mie.jp\/kblog\/wp-content\/uploads\/2023\/08\/e400b139976d7f326c68ea059bc2a27d.pdf\">\u3010\u30dd\u30eb\u30c8\u30ac\u30eb\u8a9e\u3011Sobre o Formul\u00e1rio Escolar de Notifica\u00e7\u00e3o de Doen\u00e7a Transmiss\u00edvel<\/a><\/p>\n<p><a href=\"https:\/\/www.kameyama-mie.jp\/kblog\/wp-content\/uploads\/2023\/08\/554ac0cb72fbca4556ea2274c09a2efd.pdf\">\u3010\u30b9\u30da\u30a4\u30f3\u8a9e\u3011Sobre la presentaci\u00f3n del \u00a8 Formulario de notificaci\u00f3n de enfermedad contagiosa<\/a><\/p>\n\n\n\n<p>\u25ce\u30b9\u30dd\u30fc\u30c4\u632f\u8208\u30bb\u30f3\u30bf\u30fc\u306e\u66f8\u985e\u306b\u3064\u3044\u3066<\/p>\n<p>\u5b66\u6821\u3067\u3057\u305f\u30b1\u30ac\u3067\u75c5\u9662\u3092\u53d7\u8a3a\u3055\u308c\u305f\u5834\u5408\u306b\u3001\u533b\u7642\u6a5f\u95a2\u306b\u66f8\u3044\u3066\u3044\u305f\u3060\u304f\u66f8\u985e\u306f\u3001\u65e5\u672c\u30b9\u30dd\u30fc\u30c4\u632f\u8208\u30bb\u30f3\u30bf\u30fc\u306e\u30db\u30fc\u30e0\u30da\u30fc\u30b8\u304b\u3089\u30c0\u30a6\u30f3\u30ed\u30fc\u30c9\u3057\u3066\u3044\u305f\u3060\u3051\u307e\u3059\u3002<\/p>\n<p>JAPAN SPORT COUNCIL\uff08\u65e5\u672c\u30b9\u30dd\u30fc\u30c4\u632f\u8208\u30bb\u30f3\u30bf\u30fc\uff09HP\u2192\u5b66\u6821\u5b89\u5168Web\u2192\u707d\u5bb3\u5171\u6e08\u7d66\u4ed8\u306e\u300c\u69d8\u5f0f\u306e\u30c0\u30a6\u30f3\u30ed\u30fc\u30c9\u300d\u304b\u3089\u5fc5\u8981\u306a\u69d8\u5f0f\u3092\u5370\u5237\u3057\u3066\u3001\u75c5\u9662\u306e\u7a93\u53e3\u306b\u304a\u51fa\u3057\u304f\u3060\u3055\u3044\u3002<\/p>\n<p>\u25c6JAPAN SPORT COUNCIL\u3000HP\u3000\u2192\u3000<a href=\"http:\/\/www.jpnsport.go.jp\/\">http:\/\/www.jpnsport.go.jp\/<\/a><\/p>\n","protected":false},"excerpt":{"rendered":"<p>\u5b66\u6821\u611f\u67d3\u75c7\u306b\u304b\u304b\u3063\u305f\u5834\u5408\u3001\u5b66\u6821\u3067\u30b1\u30ac\u3092\u3057\u3066\u75c5\u9662\u306b\u304b\u304b\u3063\u305f\u5834\u5408\u306b\u5fc5\u8981\u306a\u66f8\u985e\u3092\u4ee5\u4e0b\u304b\u3089\u30c0\u30a6\u30f3\u30ed\u30fc\u30c9\u3057\u3066\u3044\u305f\u3060\u3051\u307e\u3059\u3002 \u203b\u3054\u5bb6\u5ead\u3067\u5370\u5237\u3055\u308c\u75c5\u9662\u306b\u884c\u304b\u308c\u308b\u5834\u5408\u3082\u3001\u5fc5\u305a\u5b66\u6821\u306b\u9023\u7d61\u3092\u3057\u3066\u3044\u305f\u3060\u304f\u3088\u3046\u304a\u9858\u3044\u3057\u307e\u3059\u3002 \u25ce\u51fa\u5e2d\u505c\u6b62\u8a3c\u660e\u66f8\u306b &hellip; <a href=\"https:\/\/www.kameyama-mie.jp\/kblog\/idagawa\/%e5%ad%a6%e6%a0%a1%e6%84%9f%e6%9f%93%e7%97%87%e5%b1%8a%e5%87%ba%e6%9b%b8\/\">\u7d9a\u304d\u3092\u8aad\u3080 <span class=\"meta-nav\">&rarr;<\/span><\/a><\/p>\n","protected":false},"author":1,"featured_media":0,"parent":0,"menu_order":10,"comment_status":"closed","ping_status":"closed","template":"","meta":[],"publishpress_future_action":{"enabled":false,"date":"2026-04-17 01:23:19","action":"draft","terms":[],"taxonomy":""},"_links":{"self":[{"href":"https:\/\/www.kameyama-mie.jp\/kblog\/idagawa\/wp-json\/wp\/v2\/pages\/26780"}],"collection":[{"href":"https:\/\/www.kameyama-mie.jp\/kblog\/idagawa\/wp-json\/wp\/v2\/pages"}],"about":[{"href":"https:\/\/www.kameyama-mie.jp\/kblog\/idagawa\/wp-json\/wp\/v2\/types\/page"}],"author":[{"embeddable":true,"href":"https:\/\/www.kameyama-mie.jp\/kblog\/idagawa\/wp-json\/wp\/v2\/users\/1"}],"replies":[{"embeddable":true,"href":"https:\/\/www.kameyama-mie.jp\/kblog\/idagawa\/wp-json\/wp\/v2\/comments?post=26780"}],"version-history":[{"count":5,"href":"https:\/\/www.kameyama-mie.jp\/kblog\/idagawa\/wp-json\/wp\/v2\/pages\/26780\/revisions"}],"predecessor-version":[{"id":26785,"href":"https:\/\/www.kameyama-mie.jp\/kblog\/idagawa\/wp-json\/wp\/v2\/pages\/26780\/revisions\/26785"}],"wp:attachment":[{"href":"https:\/\/www.kameyama-mie.jp\/kblog\/idagawa\/wp-json\/wp\/v2\/media?parent=26780"}],"curies":[{"name":"wp","href":"https:\/\/api.w.org\/{rel}","templated":true}]}}